nder when 318912 is divided by 56?
48
What is the remainder when 2582 is divided by 52?
34
What is the remainder when 8680 is divided by 131?
34
Calculate the remainder when 150078 is divided by 41.
18
What is the remainder when 32639 is divided by 279?
275
Calculate the remainder when 73935 is divided by 14787.
0
What is the remainder when 8794400 is divided by 847?
846
What is the remainder when 227730 is divided by 18?
12
Calculate the remainder when 21415 is divided by 35.
30
What is the remainder when 243181 is divided by 16?
13
What is the remainder when 1047827 is divided by 14?
11
What is the remainder when 101198 is divided by 266?
118
Calculate the remainder when 10387 is divided by 576.
19
Calculate the remainder when 26626 is divided by 289.
38
What is the remainder when 142275 is divided by 20?
15
What is the remainder when 7249 is divided by 123?
115
Calculate the remainder when 838784 is divided by 209696.
0
Calculate the remainder when 47312 is divided by 47235.
77
What is the remainder when 132491 is divided by 133?
23
What is the remainder when 3943 is divided by 490?
23
What is the remainder when 116045 is divided by 296?
13
Calculate the remainder when 9684 is divided by 24.
12
What is the remainder when 10194 is divided by 5082?
30
Calculate the remainder when 311612 is divided by 22257.
14
Calculate the remainder when 1442 is divided by 289.
286
What is the remainder when 31021 is divided by 1111?
1024
What is the remainder when 72381 is divided by 96?
93
Calculate the remainder when 72852 is divided by 18197.
64
Calculate the remainder when 5657 is divided by 103.
95
What is the remainder when 10430 is divided by 49?
42
Calculate the remainder when 5595 is divided by 46.
29
What is the remainder when 54071 is divided by 429?
17
What is the remainder when 58932 is divided by 710?
2
Calculate the remainder when 8335290 is divided by 1303.
1302
Calculate the remainder when 3082 is divided by 93.
13
Calculate the remainder when 6004 is divided by 77.
75
What is the remainder when 16125 is divided by 1007?
13
What is the remainder when 40700 is divided by 13562?
14
Calculate the remainder when 5722 is divided by 283.
62
What is the remainder when 7613 is divided by 2533?
14
Calculate the remainder when 1263 is divided by 649.
614
Calculate the remainder when 11897 is divided by 119.
116
What is the remainder when 126006 is divided by 375?
6
What is the remainder when 582078 is divided by 54?
12
Calculate the remainder when 3358 is divided by 3352.
6
Calculate the remainder when 30240 is divided by 71.
65
Calculate the remainder when 4983 is divided by 87.
24
What is the remainder when 17787 is divided by 217?
210
What is the remainder when 4077 is divided by 1016?
13
What is the remainder when 14219 is divided by 1777?
3
Calculate the remainder when 4081 is divided by 141.
133
What is the remainder when 209038 is divided by 6?
4
Calculate the remainder when 83882 is divided by 95.
92
What is the remainder when 18022 is divided by 3589?
77
Calculate the remainder when 9209 is divided by 138.
101
Calculate the remainder when 10887 is divided by 319.
41
Calculate the remainder when 17579 is divided by 118.
115
Calculate the remainder when 8228 is divided by 12.
8
Calculate the remainder when 3440 is divided by 273.
164
What is the remainder when 3023 is divided by 24?
23
Calculate the remainder when 108249 is divided by 372.
369
What is the remainder when 87522 is divided by 24?
18
Calculate the remainder when 10277 is divided by 23.
19
What is the remainder when 42796 is divided by 16?
12
What is the remainder when 388223 is divided by 265?
263
Calculate the remainder when 2599 is divided by 1015.
569
What is the remainder when 17077 is divided by 1199?
291
What is the remainder when 324571 is divided by 28?
23
What is the remainder when 12098 is divided by 34?
28
Calculate the remainder when 999366 is divided by 9.
6
Calculate the remainder when 44736 is divided by 539.
538
Calculate the remainder when 7710 is divided by 133.
129
What is the remainder when 7307 is divided by 2411?
74
What is the remainder when 1435 is divided by 126?
49
Calculate the remainder when 4174 is divided by 1332.
178
Calculate the remainder when 166744 is divided by 47.
35
Calculate the remainder when 20879 is divided by 53.
50
Calculate the remainder when 17246 is divided by 2426.
264
What is the remainder when 3602 is divided by 399?
11
Calculate the remainder when 995 is divided by 217.
127
What is the remainder when 31549 is divided by 2426?
11
What is the remainder when 2446 is divided by 20?
6
Calculate the remainder when 48477 is divided by 24234.
9
What is the remainder when 2473560 is divided by 26?
24
What is the remainder when 167084 is divided by 110?
104
Calculate the remainder when 61721 is divided by 1144.
1089
Calculate the remainder when 319967 is divided by 24612.
11
Calculate the remainder when 4449 is divided by 989.
493
Calculate the remainder when 3955 is divided by 357.
28
Calculate the remainder when 244596 is divided by 244579.
17
Calculate the remainder when 136065 is divided by 14.
13
Calculate the remainder when 14239 is divided by 144.
127
What is the remainder when 1744 is divided by 17?
10
What is the remainder when 3792 is divided by 419?
21
What is the remainder when 39082 is divided by 471?
460
What is the remainder when 45433 is divided by 22707?
19
What is the remainder when 1208 is divided by 397?
17
What is the remainder when 18773 is divided by 277?
214
What is the remainder when 39682 is divided by 468?
370
Calculate the remainder when 4810 is divided by 8.
2
What is the remainder when 3109 is divided by 13?
2
What is the remainder when 9159 is divided by 200?
159
What is the remainder when 9586 is divided by 9554?
32
What is the remainder when 153987 is divided by 55?
42
Calculate the remainder when 2078 is divided by 376.
198
What is the remainder when 48095 is divided by 403?
138
Calculate the remainder when 596927 is divided by 116.
107
Calculate the remainder when 59205 is divided by 3.
0
Calculate the remainder when 185415 is divided by 221.
217
What is the remainder when 2904 is divided by 664?
248
Calculate the remainder when 1346 is divided by 595.
156
What is the remainder when 13924 is divided by 41?
25
What is the remainder when 3965 is divided by 43?
9
What is the remainder when 31568 is divided by 1169?
5
What is the remainder when 37065 is divided by 4116?
21
Calculate the remainder when 1379 is divided by 195.
14
What is the remainder when 38810 is divided by 33?
2
What is the remainder when 58956 is divided by 8415?
51
Calculate the remainder when 3305 is divided by 70.
15
Calculate the remainder when 28996 is divided by 216.
52
Calculate the remainder when 27777 is divided by 3968.
1
Calculate the remainder when 4371 is divided by 118.
5
Calculate the remainder when 4341 is divided by 807.
306
Calculate the remainder when 2409 is divided by 193.
93
Calculate the remainder when 130453 is divided by 223.
221
Calculate the remainder when 102322 is divided by 18.
10
What is the remainder when 1068967 is divided by 87?
85
Calculate the remainder when 10265537 is divided by 37.
35
Calculate the remainder when 484038 is divided by 2689.
18
Calculate the remainder when 1843 is divided by 103.
92
What is the remainder when 1780277 is divided by 8?
5
What is the remainder when 2703 is divided by 581?
379
What is the remainder when 43761 is divided by 68?
37
Calculate the remainder when 1581 is divided by 844.
737
What is the remainder when 133949 is divided by 33?
2
Calculate the remainder when 1127200 is divided by 47.
46
Calculate the remainder when 10159 is divided by 3341.
136
What is the remainder when 3707 is divided by 585?
197
Calculate the remainder when 286426 is divided by 48.
10
What is the remainder when 4950 is divided by 176?
22
Calculate the remainder when 147976 is divided by 1396.
0
What is the remainder when 3440 is divided by 133?
115
Calculate the remainder when 7373 is divided by 1840.
13
What is the remainder when 23570 is divided by 73?
64
What is the remainder when 942 is divided by 291?
69
Calculate the remainder when 47456 is divided by 9.
8
Calculate the remainder when 2